of 117930?
3
What is the hundreds digit of 3314?
3
What is the tens digit of 5159?
5
What is the thousands digit of 4833?
4
What is the units digit of 944?
4
What is the thousands digit of 7494?
7
What is the ten thousands digit of 51896?
5
What is the thousands digit of 122505?
2
What is the thousands digit of 1131?
1
What is the thousands digit of 13995?
3
What is the thousands digit of 24711?
4
What is the thousands digit of 67305?
7
What is the units digit of 1469?
9
What is the units digit of 5316?
6
What is the ten thousands digit of 12853?
1
What is the thousands digit of 13937?
3
What is the hundreds digit of 24967?
9
What is the tens digit of 1897?
9
What is the thousands digit of 50391?
0
What is the units digit of 3918?
8
What is the units digit of 698?
8
What is the units digit of 15208?
8
What is the tens digit of 16?
1
What is the units digit of 318?
8
What is the tens digit of 932?
3
What is the units digit of 23517?
7
What is the ten thousands digit of 33699?
3
What is the hundreds digit of 733?
7
What is the ten thousands digit of 27457?
2
What is the tens digit of 1451?
5
What is the units digit of 144?
4
What is the ten thousands digit of 22936?
2
What is the units digit of 1087?
7
What is the thousands digit of 12969?
2
What is the hundreds digit of 1843?
8
What is the hundreds digit of 481?
4
What is the hundreds digit of 2860?
8
What is the units digit of 1516?
6
What is the thousands digit of 3861?
3
What is the hundreds digit of 48819?
8
What is the ten thousands digit of 19623?
1
What is the tens digit of 9660?
6
What is the units digit of 20523?
3
What is the hundreds digit of 6471?
4
What is the thousands digit of 2121?
2
What is the units digit of 340?
0
What is the tens digit of 515?
1
What is the units digit of 3257?
7
What is the tens digit of 93918?
1
What is the tens digit of 5601?
0
What is the units digit of 8548?
8
What is the tens digit of 777?
7
What is the thousands digit of 6425?
6
What is the units digit of 7734?
4
What is the thousands digit of 4265?
4
What is the tens digit of 8665?
6
What is the hundreds digit of 1069?
0
What is the ten thousands digit of 35740?
3
What is the tens digit of 16906?
0
What is the units digit of 41032?
2
What is the units digit of 4626?
6
What is the tens digit of 1555?
5
What is the hundred thousands digit of 131723?
1
What is the tens digit of 2483?
8
What is the tens digit of 28245?
4
What is the thousands digit of 16535?
6
What is the hundreds digit of 4195?
1
What is the hundreds digit of 847?
8
What is the units digit of 4333?
3
What is the ten thousands digit of 12579?
1
What is the thousands digit of 1007?
1
What is the hundreds digit of 877?
8
What is the tens digit of 985?
8
What is the tens digit of 25713?
1
What is the units digit of 473?
3
What is the units digit of 11998?
8
What is the tens digit of 59034?
3
What is the ten thousands digit of 34641?
3
What is the tens digit of 4327?
2
What is the tens digit of 533?
3
What is the thousands digit of 120376?
0
What is the ten thousands digit of 50677?
5
What is the thousands digit of 18043?
8
What is the tens digit of 1275?
7
What is the tens digit of 1405?
0
What is the units digit of 5470?
0
What is the units digit of 101?
1
What is the hundreds digit of 390?
3
What is the hundreds digit of 1529?
5
What is the tens digit of 1203?
0
What is the tens digit of 3997?
9
What is the hundreds digit of 1159?
1
What is the thousands digit of 20637?
0
What is the units digit of 194?
4
What is the tens digit of 30?
3
What is the thousands digit of 1804?
1
What is the thousands digit of 150700?
0
What is the hundreds digit of 1202?
2
What is the tens digit of 1408?
0
What is the tens digit of 41150?
5
What is the hundreds digit of 69405?
4
What is the units digit of 6004?
4
What is the hundreds digit of 9248?
2
What is the tens digit of 4310?
1
What is the units digit of 3629?
9
What is the thousands digit of 10007?
0
What is the tens digit of 31844?
4
What is the thousands digit of 1529?
1
What is the thousands digit of 2999?
2
What is the tens digit of 5454?
5
What is the units digit of 1139?
9
What is the tens digit of 142?
4
What is the hundreds digit of 1151?
1
What is the thousands digit of 4093?
4
What is the thousands digit of 5507?
5
What is the hundreds digit of 1808?
8
What is the tens digit of 525?
2
What is the units digit of 54133?
3
What is the hundreds digit of 8163?
1
What is the tens digit of 8086?
8
What is the tens digit of 3359?
5
What is the thousands digit of 1497?
1
What is the thousands digit of 50267?
0
What is the units digit of 8056?
6
What is the tens digit of 28151?
5
What is the tens digit of 2176?
7
What is the hundreds digit of 7477?
4
What is the units digit of 8950?
0
What is the units digit of 17728?
8
What is the units digit of 72?
2
What is the hundreds digit of 4355?
3
What is the units digit of 2671?
1
What is the units digit of 8973?
3
What is the thousands digit of 19386?
9
What is the units digit of 1415?
5
What is the hundreds digit of 16855?
8
What is the tens digit of 10764?
6
What is the hundreds digit of 4389?
3
What is the units digit of 312?
2
What is the thousands digit of 38608?
8
What is the ten thousands digit of 10572?
1
What is the tens digit of 866?
6
What is the thousands digit of 1912?
1
What is the tens digit of 567?
6
What is the thousands digit of 1139?
1
What is the units digit of 728?
8
What is the hundreds digit of 8030?
0
What is the hundreds digit of 642?
6
What is the tens digit of 331?
3
What is the tens digit of 2324?
2
What is the hundreds digit of 3034?
0
What is the units digit of 1383?
3
What is the tens digit of 584?
8
What is the units digit of 54768?
8
What is the units digit of 11351?
1
What is the thousands digit of 75716?
5
What is the thousands digit of 18425?
8
What is the hundreds digit of 6890?
8
What is the hundreds digit of 937?
9
What is the hundreds digit of 113409?
4
What is the thousands digit of 2655?
2
What is the tens digit of 37579?
7
What is the hundreds digit of 1257?
2
What is the units digit of 1086?
6
What is the units digit of 3748?
8
What is the thousands digit of 2603?
2
What is the tens digit of 608?
0
What is the tens digit of 1150?
5
What is the thousands digit of 111452?
1
What is the ten thousands digit of 43108?
4
What is the units digit of 9299?
9
What is the hundreds digit of 20964?
9
What is the thousands digit of 4301?
4
What is the tens digit of 85165?
6
What is the units digit of 31091?
1
What is the units digit of 708?
8
What is the units digit of 24171?
1
What is the tens digit of 8268?
6
What is the thousands digit of 1204?
1
What is the thousands digit of 6978?
6
What is the thousands digit of 3411?
3
What is the hundreds digit of 976?
9
What is the hundreds digit of 1375?
3
What is the thousands digit of 76739?
6
What is the hundreds digit of 518?
5
What is the tens digit of 9075?
7
What is the units digit of 47942?
2
What is the hundreds digit of 3242?
2
What is the thousands digit of 5639?
5
What is the tens digit of 29401?
0
What is the units digit of 634?
4
What is the hundreds digit of 836?
8
What is the tens digit of 652?
5
What is the units digit of 146828?
8
What is the thousands digit of 44467?
4
What is the units digit of 495?
5
What is the tens digit of 2922?
2
What is the ten thousands digit of 14900?
1
What is the hundreds digit of 43513?
5
What is the units digit of 33?
3
What is the tens digit of 8117?
1
What is the units digit of 1711?
1
What is the units digit of 873?
3
What is the thousands digit of 2141?
2
What is the units digit of 270?
0
What is the tens digit of 545?
4
What is the tens digit of 610?
1
What is the units digit of 1703?
3
What is the hundreds digit of 10171?
1
What is the tens digit of 87481?
8
What is the thousands digit of 91073?
1
What is the hundreds digit of 7263?
2
What is the hundreds digit of 9132?
1
What is the hundreds digit of 4121?
1
What is the units digit of 122628?
8
What is the units digit of 408?
8
What is the thousands digit of 4255?
4
What is the units digit of 1605?
5
What is the hundreds digit of 2044?
0
What is the units digit of 41652?
2
What is the units digit of 692?
2
What is the tens digit of 1154?
5
What is the tens digit of 615?
1
Wha